{"id":24,"date":"2019-05-14T00:02:40","date_gmt":"2019-05-13T22:02:40","guid":{"rendered":"https:\/\/wp.feuerwehr-halberbracht.de\/?page_id=24"},"modified":"2021-04-22T16:58:11","modified_gmt":"2021-04-22T14:58:11","slug":"kontakt","status":"publish","type":"page","link":"https:\/\/www.feuerwehr-halberbracht.de\/?page_id=24","title":{"rendered":"Kontakt"},"content":{"rendered":"\n<p><strong>L\u00f6schgruppe Halberbracht<\/strong><\/p>\n\n\n\n<p><strong>Einheitsf\u00fchrer <\/strong>Frank Henrichs<\/p>\n\n\n\n<p><strong>stellv. Einheitsf\u00fchrer<\/strong><\/p>\n\n\n\n<p>Sascha Schweinsberg, Frank Simon<\/p>\n\n\n\n<p><strong>Kontakt: <\/strong>halberbracht(at)feuerwehr-lennestadt.de<\/p>\n","protected":false},"excerpt":{"rendered":"<p>L\u00f6schgruppe Halberbracht Einheitsf\u00fchrer Frank Henrichs stellv. Einheitsf\u00fchrer Sascha Schweinsberg, Frank Simon Kontakt: halberbracht(at)feuerwehr-lennestadt.de<\/p>\n","protected":false},"author":2,"featured_media":0,"parent":0,"menu_order":0,"comment_status":"closed","ping_status":"closed","template":"","meta":{"_acf_changed":false,"_EventAllDay":false,"_EventTimezone":"","_EventStartDate":"","_EventEndDate":"","_EventStartDateUTC":"","_EventEndDateUTC":"","_EventShowMap":false,"_EventShowMapLink":false,"_EventURL":"","_EventCost":"","_EventCostDescription":"","_EventCurrencySymbol":"","_EventCurrencyCode":"","_EventCurrencyPosition":"","_EventDateTimeSeparator":"","_EventTimeRangeSeparator":"","_EventOrganizerID":[],"_EventVenueID":[],"_OrganizerEmail":"","_OrganizerPhone":"","_OrganizerWebsite":"","_VenueAddress":"","_VenueCity":"","_VenueCountry":"","_VenueProvince":"","_VenueState":"","_VenueZip":"","_VenuePhone":"","_VenueURL":"","_VenueStateProvince":"","_VenueLat":"","_VenueLng":"","_VenueShowMap":false,"_VenueShowMapLink":false,"footnotes":""},"class_list":["post-24","page","type-page","status-publish","hentry"],"acf":[],"jetpack_sharing_enabled":true,"_links":{"self":[{"href":"https:\/\/www.feuerwehr-halberbracht.de\/index.php?rest_route=\/wp\/v2\/pages\/24","targetHints":{"allow":["GET"]}}],"collection":[{"href":"https:\/\/www.feuerwehr-halberbracht.de\/index.php?rest_route=\/wp\/v2\/pages"}],"about":[{"href":"https:\/\/www.feuerwehr-halberbracht.de\/index.php?rest_route=\/wp\/v2\/types\/page"}],"author":[{"embeddable":true,"href":"https:\/\/www.feuerwehr-halberbracht.de\/index.php?rest_route=\/wp\/v2\/users\/2"}],"replies":[{"embeddable":true,"href":"https:\/\/www.feuerwehr-halberbracht.de\/index.php?rest_route=%2Fwp%2Fv2%2Fcomments&post=24"}],"version-history":[{"count":3,"href":"https:\/\/www.feuerwehr-halberbracht.de\/index.php?rest_route=\/wp\/v2\/pages\/24\/revisions"}],"predecessor-version":[{"id":211,"href":"https:\/\/www.feuerwehr-halberbracht.de\/index.php?rest_route=\/wp\/v2\/pages\/24\/revisions\/211"}],"wp:attachment":[{"href":"https:\/\/www.feuerwehr-halberbracht.de\/index.php?rest_route=%2Fwp%2Fv2%2Fmedia&parent=24"}],"curies":[{"name":"wp","href":"https:\/\/api.w.org\/{rel}","templated":true}]}}

<p><strong>Löschgruppe Halberbracht</strong></p>



<p><strong>Einheitsführer </strong>Frank Henrichs</p>



<p><strong>stellv. Einheitsführer</strong></p>



<p>Sascha Schweinsberg, Frank Simon</p>



<p><strong>Kontakt: </strong>halberbracht(at)feuerwehr-lennestadt.de</p>

<p>Löschgruppe Halberbracht Einheitsführer Frank Henrichs stellv. Einheitsführer Sascha Schweinsberg, Frank Simon Kontakt: halberbracht(at)feuerwehr-lennestadt.de</p>
