{"id":162,"date":"2021-04-04T08:44:40","date_gmt":"2021-04-04T06:44:40","guid":{"rendered":"https:\/\/wp.feuerwehr-halberbracht.de\/?page_id=162"},"modified":"2021-06-04T19:20:38","modified_gmt":"2021-06-04T17:20:38","slug":"das-sind-wir","status":"publish","type":"page","link":"https:\/\/www.feuerwehr-halberbracht.de\/?page_id=162","title":{"rendered":"Das sind wir"},"content":{"rendered":"\n<figure class=\"wp-block-image\"><img decoding=\"async\" src=\"https:\/\/www.feuerwehr-halberbracht.de\/Bilder\/gruppe_029b.jpg\" alt=\"\"\/><\/figure>\n\n\n\n<p>L\u00f6schgruppe Halberbracht im Jahr 2013<br>(Fotoaufnahme der Jahredienstbesprechung am 19.01.2013)<\/p>\n\n\n\n<p>______________________________________________________<\/p>\n\n\n\n<p><em><strong>Aufgabengebiet der L\u00f6schgruppe<\/strong><\/em><\/p>\n\n\n\n<p>Das Einsatzgebiet umfasst im wesentlichen den Ort Halberbracht (1300 Einwohner)<br>sowie den Ortsteilen Wei\u00dfenstein und Ernestus (beide zusammen ca. 50 Einwohner) und deckt diesen ab.<\/p>\n\n\n\n<p>Das gr\u00f6\u00dfte Einsatzgebiet ist \u00fcber die L 715, ansonsten inner\u00f6rtliche Stra\u00dfen zu erreichen. Unter Einsatzbedingungen lassen sich zeitlich auch die Ortsteile Burbecke, St\u00f6ppel, Meggen und Elspe gut wegen der Zentralen Lage des Ortes erreichen<\/p>\n\n\n\n<p>\u00dcberlappungen bestehen mit den Einsatzgebieten der L\u00f6schgruppen<br>Meggen, Elspe, Oberelspe und Langenei\/Kickenbach<\/p>\n\n\n\n<p>Die LG Halberbracht verf\u00fcgt mit 23 Einsatzkr\u00e4ften insgesamt \u00fcber ausreichendes und qualifiziertes Einsatz-Personal. Von diesen 23 Einsatzkr\u00e4ften sind 16 Atemschutzger\u00e4tetr\u00e4ger.<br>Ein Gro\u00dfteil der Kr\u00e4fte arbeiten in Nachbarorten wie z.B. Meggen, Elspe oder Grevenbr\u00fcck.<br>Die Altersstruktur liegt zwischen 18-45 Jahren (Stand 2015!!).<\/p>\n\n\n\n<p>Dienstgradm\u00e4\u00dfig setzt sich die L\u00f6schgruppe zusammen aus:<\/p>\n\n\n\n<p>5x Hauptbrandmeister<br>4x Unterbrandmeister<br>4x Hauptfeuerwehrmann<br>10x Oberfeuerwehrmann<br><\/p>\n\n\n\n<p>Der L\u00f6schzug 1 setzt sich aus den L\u00f6schgruppen Altenhundem, Halberbracht, Maumke und Meggen zusammen.<br>Das Spezialgebietgebiet, neben der Hauptaufgabe der Brandbek\u00e4mpfung, umfasst die Menschenrettung.<br>Aus diesem Grund ist der L\u00f6schzug I speziell f\u00fcr diese Aufgabe ausger\u00fcstet und hat in seinem Fuhrpark einen R\u00fcstwagen und eine Drehleiter.<\/p>\n\n\n\n<p>Jeder der 4 L\u00f6schzuge in der Stadt Lennestadt hat so ein Spezialgebiet.<\/p>\n\n\n\n<p>Ausr\u00fcstung L\u00f6schzug 1<\/p>\n\n\n\n<p>Zur Aufgabenerf\u00fcllung stehen dem L\u00f6schzug I insgesamt 9 Einsatzfahrzeuge zur Verf\u00fcgung, die in den Ger\u00e4teh\u00e4usern in Altenhundem, Halberbracht, Maumke und Meggen untergebracht sind<\/p>\n\n\n\n<p>Einsatzgebiet L\u00f6schzug 1<\/p>\n\n\n\n<p>Der L\u00f6schzug I hat sein Einsatzgebiet in der Mitte von Lennestadt. Durch das Einsatzgebiet f\u00fchrt die Lenne, die Bundesstra\u00dfe B236 und die Eisenbahnstrecke Hagen-Siegen. Ca. 11200 Einwohner hat der L\u00f6schzug I, auf ca. 35 km2 und davon ca. 38 ha Gewerbefl\u00e4che.<\/p>\n\n\n\n<p>Gefahrenschwerpunkte im L\u00f6schzug 1:<br>+ Krankenhaus der Stadt Lennestadt mit 233 Betten<br>+ Sonderm\u00fcllzwischenlager der Firma Sita Westfalen<br>+ Diverse gro\u00dfe Industrieunternehmen<\/p>\n\n\n\n<p>Die L\u00f6schgruppe beteiligt sich auch intensiv an Halberbrachter Veranstaltungen.<br>Zudem wird&nbsp;am 3. Wochenende im Juli ein Sommerfest ausgetragen.<\/p>\n","protected":false},"excerpt":{"rendered":"<p>L\u00f6schgruppe Halberbracht im Jahr 2013(Fotoaufnahme der Jahredienstbesprechung am 19.01.2013) ______________________________________________________ Aufgabengebiet der L\u00f6schgruppe Das Einsatzgebiet umfasst im wesentlichen den Ort Halberbracht (1300 Einwohner)sowie den Ortsteilen Wei\u00dfenstein und Ernestus (beide zusammen [&hellip;]<\/p>\n","protected":false},"author":2,"featured_media":0,"parent":0,"menu_order":0,"comment_status":"closed","ping_status":"closed","template":"","meta":{"_acf_changed":false,"_EventAllDay":false,"_EventTimezone":"","_EventStartDate":"","_EventEndDate":"","_EventStartDateUTC":"","_EventEndDateUTC":"","_EventShowMap":false,"_EventShowMapLink":false,"_EventURL":"","_EventCost":"","_EventCostDescription":"","_EventCurrencySymbol":"","_EventCurrencyCode":"","_EventCurrencyPosition":"","_EventDateTimeSeparator":"","_EventTimeRangeSeparator":"","_EventOrganizerID":[],"_EventVenueID":[],"_OrganizerEmail":"","_OrganizerPhone":"","_OrganizerWebsite":"","_VenueAddress":"","_VenueCity":"","_VenueCountry":"","_VenueProvince":"","_VenueState":"","_VenueZip":"","_VenuePhone":"","_VenueURL":"","_VenueStateProvince":"","_VenueLat":"","_VenueLng":"","_VenueShowMap":false,"_VenueShowMapLink":false,"footnotes":""},"class_list":["post-162","page","type-page","status-publish","hentry"],"acf":[],"jetpack_sharing_enabled":true,"_links":{"self":[{"href":"https:\/\/www.feuerwehr-halberbracht.de\/index.php?rest_route=\/wp\/v2\/pages\/162","targetHints":{"allow":["GET"]}}],"collection":[{"href":"https:\/\/www.feuerwehr-halberbracht.de\/index.php?rest_route=\/wp\/v2\/pages"}],"about":[{"href":"https:\/\/www.feuerwehr-halberbracht.de\/index.php?rest_route=\/wp\/v2\/types\/page"}],"author":[{"embeddable":true,"href":"https:\/\/www.feuerwehr-halberbracht.de\/index.php?rest_route=\/wp\/v2\/users\/2"}],"replies":[{"embeddable":true,"href":"https:\/\/www.feuerwehr-halberbracht.de\/index.php?rest_route=%2Fwp%2Fv2%2Fcomments&post=162"}],"version-history":[{"count":3,"href":"https:\/\/www.feuerwehr-halberbracht.de\/index.php?rest_route=\/wp\/v2\/pages\/162\/revisions"}],"predecessor-version":[{"id":233,"href":"https:\/\/www.feuerwehr-halberbracht.de\/index.php?rest_route=\/wp\/v2\/pages\/162\/revisions\/233"}],"wp:attachment":[{"href":"https:\/\/www.feuerwehr-halberbracht.de\/index.php?rest_route=%2Fwp%2Fv2%2Fmedia&parent=162"}],"curies":[{"name":"wp","href":"https:\/\/api.w.org\/{rel}","templated":true}]}}

<figure class="wp-block-image"><img decoding="async" src="https://www.feuerwehr-halberbracht.de/Bilder/gruppe_029b.jpg" alt=""/></figure>



<p>Löschgruppe Halberbracht im Jahr 2013<br>(Fotoaufnahme der Jahredienstbesprechung am 19.01.2013)</p>



<p>______________________________________________________</p>



<p><em><strong>Aufgabengebiet der Löschgruppe</strong></em></p>



<p>Das Einsatzgebiet umfasst im wesentlichen den Ort Halberbracht (1300 Einwohner)<br>sowie den Ortsteilen Weißenstein und Ernestus (beide zusammen ca. 50 Einwohner) und deckt diesen ab.</p>



<p>Das größte Einsatzgebiet ist über die L 715, ansonsten innerörtliche Straßen zu erreichen. Unter Einsatzbedingungen lassen sich zeitlich auch die Ortsteile Burbecke, Stöppel, Meggen und Elspe gut wegen der Zentralen Lage des Ortes erreichen</p>



<p>Überlappungen bestehen mit den Einsatzgebieten der Löschgruppen<br>Meggen, Elspe, Oberelspe und Langenei/Kickenbach</p>



<p>Die LG Halberbracht verfügt mit 23 Einsatzkräften insgesamt über ausreichendes und qualifiziertes Einsatz-Personal. Von diesen 23 Einsatzkräften sind 16 Atemschutzgeräteträger.<br>Ein Großteil der Kräfte arbeiten in Nachbarorten wie z.B. Meggen, Elspe oder Grevenbrück.<br>Die Altersstruktur liegt zwischen 18-45 Jahren (Stand 2015!!).</p>



<p>Dienstgradmäßig setzt sich die Löschgruppe zusammen aus:</p>



<p>5x Hauptbrandmeister<br>4x Unterbrandmeister<br>4x Hauptfeuerwehrmann<br>10x Oberfeuerwehrmann<br></p>



<p>Der Löschzug 1 setzt sich aus den Löschgruppen Altenhundem, Halberbracht, Maumke und Meggen zusammen.<br>Das Spezialgebietgebiet, neben der Hauptaufgabe der Brandbekämpfung, umfasst die Menschenrettung.<br>Aus diesem Grund ist der Löschzug I speziell für diese Aufgabe ausgerüstet und hat in seinem Fuhrpark einen Rüstwagen und eine Drehleiter.</p>



<p>Jeder der 4 Löschzuge in der Stadt Lennestadt hat so ein Spezialgebiet.</p>



<p>Ausrüstung Löschzug 1</p>



<p>Zur Aufgabenerfüllung stehen dem Löschzug I insgesamt 9 Einsatzfahrzeuge zur Verfügung, die in den Gerätehäusern in Altenhundem, Halberbracht, Maumke und Meggen untergebracht sind</p>



<p>Einsatzgebiet Löschzug 1</p>



<p>Der Löschzug I hat sein Einsatzgebiet in der Mitte von Lennestadt. Durch das Einsatzgebiet führt die Lenne, die Bundesstraße B236 und die Eisenbahnstrecke Hagen-Siegen. Ca. 11200 Einwohner hat der Löschzug I, auf ca. 35 km2 und davon ca. 38 ha Gewerbefläche.</p>



<p>Gefahrenschwerpunkte im Löschzug 1:<br>+ Krankenhaus der Stadt Lennestadt mit 233 Betten<br>+ Sondermüllzwischenlager der Firma Sita Westfalen<br>+ Diverse große Industrieunternehmen</p>



<p>Die Löschgruppe beteiligt sich auch intensiv an Halberbrachter Veranstaltungen.<br>Zudem wird&nbsp;am 3. Wochenende im Juli ein Sommerfest ausgetragen.</p>

<p>Löschgruppe Halberbracht im Jahr 2013(Fotoaufnahme der Jahredienstbesprechung am 19.01.2013) ______________________________________________________ Aufgabengebiet der Löschgruppe Das Einsatzgebiet umfasst im wesentlichen den Ort Halberbracht (1300 Einwohner)sowie den Ortsteilen Weißenstein und Ernestus (beide zusammen [&hellip;]</p>
